{"id":302,"date":"2021-06-01T16:22:09","date_gmt":"2021-06-01T14:22:09","guid":{"rendered":"https:\/\/www.copyastarloa.com\/?page_id=302"},"modified":"2021-06-14T02:11:42","modified_gmt":"2021-06-14T00:11:42","slug":"politica-de-cookies","status":"publish","type":"page","link":"https:\/\/www.copyastarloa.com\/index.php\/politica-de-cookies\/","title":{"rendered":"Pol\u00edtica de cookies"},"content":{"rendered":"<p>[et_pb_section fb_built=\u00bb1&#8243; _builder_version=\u00bb4.9.6&#8243; _module_preset=\u00bbdefault\u00bb][et_pb_row _builder_version=\u00bb4.9.6&#8243; _module_preset=\u00bbdefault\u00bb][et_pb_column type=\u00bb4_4&#8243; _builder_version=\u00bb4.9.6&#8243; _module_preset=\u00bbdefault\u00bb][et_pb_text _builder_version=\u00bb4.9.6&#8243; _module_preset=\u00bbdefault\u00bb]<\/p>\n<h2 class=\"et-fb-root-ancestor-sibling\">Pol\u00edtica de Cookies<\/h2>\n<p class=\"et-fb-root-ancestor-sibling\">\n<p class=\"et-fb-root-ancestor-sibling\">En cumplimiento con el art\u00edculo 22 de la Ley 34\/2002, de 11 de julio, de servicios de la sociedad de la informaci\u00f3n y de comercio electr\u00f3nico (LSSI), en relaci\u00f3n con el Reglamento (UE) 2016\/679 del Parlamento Europeo y del Consejo, de 27 de abril de 2016, General de Protecci\u00f3n de Datos (RGPD) y la Ley Org\u00e1nica 3\/2018, de 5 de diciembre, de Protecci\u00f3n de Datos y garant\u00eda de los derechos digitales (LOPDGDD), COPY ASTARLOA, S. COOP. PEQUE\u00d1A pone a disposici\u00f3n de los usuarios la Pol\u00edtica de recogida y tratamiento de cookies del sitio Web.<\/p>\n<h2 class=\"et-fb-root-ancestor-sibling\">Qu\u00e9 son las Cookies<\/h2>\n<p class=\"et-fb-root-ancestor-sibling\">Una cookie es un fichero que se descarga en tu ordenador al entrar a determinadas p\u00e1ginas web. Las cookies permiten a una p\u00e1gina web, entre otras cosas, almacenar y recuperar informaci\u00f3n sobre tus h\u00e1bitos de navegaci\u00f3n y \u2014dependiendo de la informaci\u00f3n que contengan y de la forma en que utilices tu equipo\u2014 pueden utilizarse para identificarte.<\/p>\n<h2 class=\"et-fb-root-ancestor-sibling\">Cookies utilizadas en el sitio Web<\/h2>\n<p class=\"et-fb-root-ancestor-sibling\">A continuaci\u00f3n se clasifican las cookies utilizadas por el sitio Web<span>\u00a0<\/span><a href=\"https:\/\/www.copyastarloa.com\/index.php\/politica-de-cookies\/?et_fb=1&amp;PageSpeed=off\" target=\"_top\" rel=\"noopener\">https:\/\/www.copyastarloa.com<\/a>:<\/p>\n<p class=\"et-fb-root-ancestor-sibling\"><b>Seg\u00fan la entidad que las gestiona<\/b><\/p>\n<ul class=\"et-fb-root-ancestor-sibling\">\n<li><b>Cookies propias:<\/b><span>\u00a0<\/span>Son aquellas enviadas y gestionadas directamente por COPY ASTARLOA, S. COOP. PEQUE\u00d1A.<\/li>\n<li><b>Cookies de terceros:<\/b><span>\u00a0<\/span>Son aquellas que se env\u00edan al usuario desde un dominio ajeno a COPY ASTARLOA, S. COOP. PEQUE\u00d1A.<\/li>\n<\/ul>\n<p class=\"et-fb-root-ancestor-sibling\">\n<p class=\"et-fb-root-ancestor-sibling\"><b>Seg\u00fan su finalidad<\/b><\/p>\n<ul class=\"et-fb-root-ancestor-sibling\">\n<li><b>Cookies t\u00e9cnicas:<\/b><span>\u00a0<\/span>Son aquellas que permiten a los usuarios registrados navegar a trav\u00e9s del sitio Web, del \u00e1rea restringida y a utilizar sus diferentes funciones, como por ejemplo, el sistema de comentarios o el buscador o llevar a cabo el proceso de compra de un Producto o Servicio.<\/li>\n<li><b>Cookies de personalizaci\u00f3n:<\/b><span>\u00a0<\/span>Son aquellas que permiten a los usuarios acceder al Servicio con algunas caracter\u00edsticas de car\u00e1cter general predefinidas en funci\u00f3n de una serie de criterios establecidos por el usuario como, por ejemplo, el idioma o el tipo de navegador a trav\u00e9s del cual se conecta a este sitio Web.<\/li>\n<li><b>Cookies de an\u00e1lisis o medici\u00f3n:<\/b><span>\u00a0<\/span>Son aquellas que, bien tratadas por el sitio Web o por terceros, permiten cuantificar el n\u00famero de usuarios y as\u00ed realizar la medici\u00f3n y an\u00e1lisis estad\u00edstico de la utilizaci\u00f3n que hacen los usuarios del sitio Web. Para ello se analiza la navegaci\u00f3n que realizas en este sitio Web con el fin de mejorarlo.<\/li>\n<li><b>Cookies sociales:<\/b><span>\u00a0<\/span>Son establecidas por las plataformas de redes sociales para permitir a los usuarios compartir contenido con sus amigos y redes.<\/li>\n<\/ul>\n<p class=\"et-fb-root-ancestor-sibling\">\n<p class=\"et-fb-root-ancestor-sibling\"><b>Seg\u00fan su duraci\u00f3n<\/b><\/p>\n<ul class=\"et-fb-root-ancestor-sibling\">\n<li><b>Cookies de sesi\u00f3n:<\/b><span>\u00a0<\/span>Son aquellas dise\u00f1adas para recabar y almacenar datos mientras el usuario accede al sitio Web.<\/li>\n<li><b>Cookies persistentes:<\/b><span>\u00a0<\/span>Son aquellas en las que los datos siguen almacenados en el terminal del usuario y pueden ser accedidos y tratados durante un per\u00edodo definido por el responsable de la cookie.<\/li>\n<\/ul>\n<p class=\"et-fb-root-ancestor-sibling\">\n<h2 class=\"et-fb-root-ancestor-sibling\">Listado de cookies utilizadas<\/h2>\n<p class=\"et-fb-root-ancestor-sibling\">Este sitio Web puede instalar las siguientes cookies:<\/p>\n<p class=\"et-fb-root-ancestor-sibling\"><b>Cookies t\u00e9cnicas<\/b><\/p>\n<ul class=\"et-fb-root-ancestor-sibling\">\n<li><b>wp-settings-{user_id}:<\/b><span>\u00a0<\/span>Cookie t\u00e9cnica que se usa para mantener la configuraci\u00f3n del usuario en wp-admin. Es persistente y tiene una duraci\u00f3n de 1 a\u00f1o.<\/li>\n<li><b>hasConsent:<\/b><span>\u00a0<\/span>Cookie t\u00e9cnica que almacena el consentimiento del usuario. Es persistente y tiene una duraci\u00f3n de 1 a\u00f1o.<\/li>\n<\/ul>\n<p class=\"et-fb-root-ancestor-sibling\">\n<p class=\"et-fb-root-ancestor-sibling\"><b>Cookies de an\u00e1lisis o medici\u00f3n<\/b><\/p>\n<ul class=\"et-fb-root-ancestor-sibling\">\n<li><b>_ga:<\/b><span>\u00a0<\/span>Cookie Anal\u00edtica que habilita la funci\u00f3n de control de visitas \u00fanicas. Es persistente y tiene una duraci\u00f3n de 2 a\u00f1os.<\/li>\n<li><b>_gat:<\/b><span>\u00a0<\/span>Cookie Anal\u00edtica para limitar el n\u00famero de solicitudes. Su \u00e1mbito es la sesi\u00f3n y tiene una duraci\u00f3n de 1 minuto.<\/li>\n<li><b>_gid:<\/b><span>\u00a0<\/span>Cookie Anal\u00edtica para distinguir usuarios. Su \u00e1mbito es la sesi\u00f3n y tiene una duraci\u00f3n de 24 horas.<\/li>\n<\/ul>\n<p class=\"et-fb-root-ancestor-sibling\">\n<p class=\"et-fb-root-ancestor-sibling\">Informaci\u00f3n adicional:<\/p>\n<p>&nbsp;<\/p>\n<ul class=\"et-fb-root-ancestor-sibling\">\n<li>Google Analytics puede instalar otras cookies seg\u00fan el documento<span>\u00a0<\/span><a target=\"_top\" rel=\"noopener noreferrer nofollow\" href=\"https:\/\/developers.google.com\/analytics\/devguides\/collection\/analyticsjs\/cookie-usage?hl=es\">Uso de las cookies de Google Analytics en sitios web<\/a>.<\/li>\n<\/ul>\n<p class=\"et-fb-root-ancestor-sibling\"><b>Cookies sociales<\/b><\/p>\n<ul class=\"et-fb-root-ancestor-sibling\">\n<li>El sitio Web incluye otras funcionalidades proporcionadas por servicios de terceros y redes sociales para mejorar la experiencia de los visitantes. Puedes compartir el contenido en sus redes sociales como \u00abFacebook\u00bb, \u00abTwitter\u00bb, \u00abInstagram\u00bb, \u00abVimeo\u00bb o \u00abYouTube\u00bb con los botones incluidos a tal efecto o con las herramientas para compartir propias de las redes sociales. Como resultado, estos servicios pueden instalar cookies y utilizarlas para rastrear tu actividad online. No tenemos control directo sobre la informaci\u00f3n recopilada por estas cookies.<\/li>\n<\/ul>\n<p class=\"et-fb-root-ancestor-sibling\">\n<p class=\"et-fb-root-ancestor-sibling\">El sitio Web puede instalar otras cookies:<\/p>\n<p class=\"et-fb-root-ancestor-sibling\">et-pb-recent-items-font_family<br \/>et-pb-recent-items-colors<br \/>mailchimp_landing_site<br \/>_gid<br \/>wordpress_test_cookie<br \/>tk_ai<br \/>_ga<br \/>_ga_MQ0Z5SWHXX<br \/>wp-settings-*<\/p>\n<h2 class=\"et-fb-root-ancestor-sibling\">Aceptaci\u00f3n o rechazo de la instalaci\u00f3n de cookies<\/h2>\n<p class=\"et-fb-root-ancestor-sibling\">COPY ASTARLOA, S. COOP. PEQUE\u00d1A muestra informaci\u00f3n sobre su Pol\u00edtica de cookies en el men\u00fa del pie de p\u00e1gina y en el banner de cookies accesible en todas las p\u00e1ginas del Sitio Web. El banner de cookies muestra informaci\u00f3n esencial sobre el tratamiento de datos y permite al usuario realizar las siguientes acciones:<\/p>\n<p class=\"et-fb-root-ancestor-sibling\">\n<ul class=\"et-fb-root-ancestor-sibling\">\n<li><b>Aceptar o rechazar la instalaci\u00f3n de cookies<\/b>, o retirar el consentimiento previamente otorgado.<\/li>\n<li><b>Cambiar las preferencias de cookies<\/b><span>\u00a0<\/span>desde la p\u00e1gina<span>\u00a0<\/span><a href=\"https:\/\/www.copyastarloa.com\/index.php\/personalizar-cookies\/\" target=\"_top\" rel=\"noopener\">Personalizar Cookies<\/a>, a la que puedes acceder desde el Aviso de Cookies.<\/li>\n<li><b>Obtener informaci\u00f3n adicional<\/b><span>\u00a0<\/span>sobre la Pol\u00edtica de Cookies desde la p\u00e1gina<span>\u00a0<\/span><a href=\"https:\/\/www.copyastarloa.com\/index.php\/politica-de-cookies\/\" target=\"_top\" rel=\"noopener\">Pol\u00edtica de cookies<\/a>.<\/li>\n<\/ul>\n<p class=\"et-fb-root-ancestor-sibling\">\n<h2 class=\"et-fb-root-ancestor-sibling\">Eliminaci\u00f3n de cookies<\/h2>\n<p class=\"et-fb-root-ancestor-sibling\">Puedes aceptar, bloquear o eliminar las cookies instaladas en tu equipo mediante la configuraci\u00f3n de las opciones del navegador, pero parte del sitio no funcionar\u00e1 correctamente o su calidad puede verse afectada.<\/p>\n<p class=\"et-fb-root-ancestor-sibling\">En los siguientes enlaces encontrar\u00e1s instrucciones para habilitar o deshabilitar las cookies en los navegadores m\u00e1s comunes.<\/p>\n<p class=\"et-fb-root-ancestor-sibling\">\n<ul class=\"et-fb-root-ancestor-sibling\">\n<li><b>Firefox<\/b><span>\u00a0<\/span><a rel=\"nofollow noopener\" target=\"_top\" href=\"http:\/\/support.mozilla.org\/es\/kb\/habilitar-y-deshabilitar-cookies-que-los-sitios-we\">http:\/\/support.mozilla.org\/es\/kb\/habilitar-y-deshabilitar-cookies-que-los-sitios-we<\/a><\/li>\n<li><b>Google Chrome<\/b><span>\u00a0<\/span><a target=\"_top\" rel=\"noopener noreferrer nofollow\" href=\"https:\/\/support.google.com\/chrome\/answer\/95647?hl=es\">https:\/\/support.google.com\/chrome\/answer\/95647?hl=es<\/a><\/li>\n<li><b>Internet Explorer<\/b><span>\u00a0<\/span><a target=\"_top\" rel=\"noopener noreferrer nofollow\" href=\"https:\/\/support.microsoft.com\/es-es\/help\/17442\/windows-internet-explorer-delete-manage-cookies#ie=%22ie-10%22\">https:\/\/support.microsoft.com\/es-es\/help\/17442\/windows-internet-explorer-delete-manage-cookies#ie=\u00bbie-10&#8243;<\/a><\/li>\n<li><b>Microsoft Edge<\/b><span>\u00a0<\/span><a target=\"_top\" rel=\"noopener noreferrer nofollow\" href=\"https:\/\/support.microsoft.com\/es-es\/help\/4468242\/microsoft-edge-browsing-data-and-privacy\">https:\/\/support.microsoft.com\/es-es\/help\/4468242\/microsoft-edge-browsing-data-and-privacy<\/a><\/li>\n<li><b>Safari<\/b><span>\u00a0<\/span><a rel=\"nofollow noopener\" target=\"_top\" href=\"http:\/\/support.apple.com\/kb\/HT1677?viewlocale=es_ES\">http:\/\/support.apple.com\/kb\/HT1677?viewlocale=es_ES<\/a><\/li>\n<\/ul>\n<p class=\"et-fb-root-ancestor-sibling\">\n<h2 class=\"et-fb-root-ancestor-sibling\">Tratamiento de Datos Personales<\/h2>\n<p class=\"et-fb-root-ancestor-sibling\">COPY ASTARLOA, S. COOP. PEQUE\u00d1A es el Responsable del tratamiento de los datos personales del usuario.<\/p>\n<h2 class=\"et-fb-root-ancestor-sibling\">Contacto<\/h2>\n<p class=\"et-fb-root-ancestor-sibling\">En caso de que tengas cualquier duda acerca de esta Pol\u00edtica de Cookies o quieras realizar cualquier comentario sobre este sitio Web, puedes enviar un mensaje de correo electr\u00f3nico a la direcci\u00f3n administracion@copyastarloa.com.<\/p>\n<p>[\/et_pb_text][\/et_pb_column][\/et_pb_row][\/et_pb_section]<\/p>\n","protected":false},"excerpt":{"rendered":"<p>Pol\u00edtica de Cookies En cumplimiento con el art\u00edculo 22 de la Ley 34\/2002, de 11 de julio, de servicios de la sociedad de la informaci\u00f3n y de comercio electr\u00f3nico (LSSI), en relaci\u00f3n con el Reglamento (UE) 2016\/679 del Parlamento Europeo y del Consejo, de 27 de abril de 2016, General de Protecci\u00f3n de Datos (RGPD) [&hellip;]<\/p>\n","protected":false},"author":1,"featured_media":0,"parent":0,"menu_order":0,"comment_status":"closed","ping_status":"closed","template":"","meta":{"_et_pb_use_builder":"on","_et_pb_old_content":"","_et_gb_content_width":"","om_disable_all_campaigns":false,"_monsterinsights_skip_tracking":false,"_monsterinsights_sitenote_active":false,"_monsterinsights_sitenote_note":"","_monsterinsights_sitenote_category":0,"footnotes":""},"class_list":["post-302","page","type-page","status-publish","hentry"],"aioseo_notices":[],"_links":{"self":[{"href":"https:\/\/www.copyastarloa.com\/index.php\/wp-json\/wp\/v2\/pages\/302","targetHints":{"allow":["GET"]}}],"collection":[{"href":"https:\/\/www.copyastarloa.com\/index.php\/wp-json\/wp\/v2\/pages"}],"about":[{"href":"https:\/\/www.copyastarloa.com\/index.php\/wp-json\/wp\/v2\/types\/page"}],"author":[{"embeddable":true,"href":"https:\/\/www.copyastarloa.com\/index.php\/wp-json\/wp\/v2\/users\/1"}],"replies":[{"embeddable":true,"href":"https:\/\/www.copyastarloa.com\/index.php\/wp-json\/wp\/v2\/comments?post=302"}],"version-history":[{"count":3,"href":"https:\/\/www.copyastarloa.com\/index.php\/wp-json\/wp\/v2\/pages\/302\/revisions"}],"predecessor-version":[{"id":378,"href":"https:\/\/www.copyastarloa.com\/index.php\/wp-json\/wp\/v2\/pages\/302\/revisions\/378"}],"wp:attachment":[{"href":"https:\/\/www.copyastarloa.com\/index.php\/wp-json\/wp\/v2\/media?parent=302"}],"curies":[{"name":"wp","href":"https:\/\/api.w.org\/{rel}","templated":true}]}}